 of b(7)?
13
Let j = -57 + 112. List the prime factors of j.
5, 11
Suppose s = -4*s. Let a(l) = l**2 - 5*l + 5. Let g be a(5). Suppose -d + g = -2*h, 3*d - 27 = 2*h - s*h. List the prime factors of d.
11
Let a(b) = 307*b + 6. List the prime factors of a(1).
313
What are the prime factors of 28/10*1700/40?
7, 17
Suppose -4*i - 2 + 278 = 0. List the prime factors of i.
3, 23
Suppose -755 = -4*o + 541. List the prime factors of o.
2, 3
Let h = 57 - -15. What are the prime factors of h?
2, 3
Suppose -5*g - 15*u = -19*u - 1740, 5*g - 5*u = 1745. List the prime factors of g.
2, 43
Let h(f) = f + 11. Let d be h(-9). Suppose -d*n = -7 - 3. List the prime factors of n.
5
Let x(n) be the first derivative of -n**2 + 5*n + 1. Let r be 26/(-6) - (-1)/3. What are the prime factors of x(r)?
13
Let j(z) = -z + 3. Let u be j(-4). Suppose 0 = u*i - 3*i - 8. Suppose -3*g + 12 = 3*w, 5*w - 60 = g + i*g. What are the prime factors of w?
3
List the prime factors of (-4 + 3)/((-2)/4).
2
Suppose 0 = x - 5*o + 13, -o + 4 = -x + o. What are the prime factors of x*(-3)/(-6) - -9?
2, 5
Suppose -4*t - 19 + 0 = 3*s, s = -5. What are the prime factors of t - 19*(-3 + 2)?
2, 3
Suppose 5*p - 3 = -13. Let r be 1276/330 + 2/15. What are the prime factors of (-2)/(r/p) + 5?
2, 3
Suppose 4*s - 650 = -s. What are the prime factors of s?
2, 5, 13
Let u(d) = d**3 - 5*d**2 + 6*d - 5. Suppose 0 = 4*b - c - 19, -2*b + 14 = -6*c + 4*c. List the prime factors of u(b).
3
Suppose 0 = -23*n + 30*n - 749. What are the prime factors of n?
107
Suppose 0 = -11*v + 2 + 1230. List the prime factors of v.
2, 7
Suppose f - 20 = 4*w, -4*f + 5*f + 25 = -5*w. Suppose j - 26 = -f. What are the prime factors of j?
2, 13
Suppose -4*m + 20 = -0*m. Suppose 0 = -m*w, 0 = -5*j + j + w + 16. What are the prime factors of j?
2
Suppose k = -2*k + 5*g - 28, -5*k - 3*g + 10 = 0. List the prime factors of 14 - k*(-3)/3.
13
Let f(o) = -13*o. List the prime factors of f(-1).
13
Let l = 67 + -27. Suppose 0*u - l = -5*u. What are the prime factors of u?
2
Let k(a) = 2*a + 13. Let i(o) = -o**3 - 8*o**2 - 6*o + 15. Let v be i(-7). List the prime factors of k(v).
29
Let f = -5 - -7. Suppose -2*q - 1 = -f*o + 53, 3*o + 5*q = 73. List the prime factors of o.
2, 13
Let d be 5*(1 + -2 + 2). Suppose -10 = 5*z + 5*y, -3*z - 2*y - 8 = 2*y. Suppose u + z*j = -j + 5, -d*u = -3*j - 33. List the prime factors of u.
2, 3
Let z(q) be the first derivative of 5*q**2/2 + q + 5. List the prime factors of z(3).
2
What are the prime factors of 3272/16 + 4/(24/9)?
2, 103
Suppose 5*p = -14*p + 4769. What are the prime factors of p?
251
Suppose 6*v = 3*v + 36. List the prime factors of ((-52)/10)/(v/(-30)).
13
Let g(k) = -k**3 - 9*k**2 - 12*k. Let m be g(-8). Suppose 4*i + m = 4*q, -2*i = -4*q + 21 + 19. List the prime factors of q.
2, 3
Suppose -16*t = -14*t + 36. Let g = t + 51. List the prime factors of g.
3, 11
Let j(d) = -d + 3. Let v be j(0). Suppose -17 + 5 = -3*o. Suppose v*r + g = 25, -r - 30 = -6*r - o*g. List the prime factors of r.
2, 5
Let g = -2 - -4. Suppose -4 = -j + g. List the prime factors of j.
2, 3
Let z be (4 - 2)/(3/6). Suppose -3*i = z - 31. Suppose -s + 2*s = i. List the prime factors of s.
3
Suppose 0 = -c - 3*c + 20. Suppose -c*z = 26 + 4. Let x = z + 11. List the prime factors of x.
5
Let i(w) = -14*w + 37. What are the prime factors of i(-7)?
3, 5
Suppose 4*b - 464 = -3*j, -3*j + 5*b + 165 = -308. List the prime factors of j.
2, 3, 13
Let f be (-21)/(-12) - (-1)/4. Suppose -4*o + 152 = f*k, -5*o + 6*k - 2*k = -190. List the prime factors of o.
2, 19
Suppose -6*u + 20 = -2*u. Suppose 0 = c - 5*x - 10, u*x + 6 = 2*c + 2*x. Suppose i = -4*h - c*i + 15, 4*h - 21 = -3*i. List the prime factors of h.
3
Let f = -123 + 209. Suppose -f = -h - h. List the prime factors of h.
43
Suppose q = 4 - 10. Let i(t) = -t**2 - 7*t - 1. What are the prime factors of i(q)?
5
Let l = 4 - 4. Suppose 0 = -l*j + 5*j - 40. Suppose i = -i + j. What are the prime factors of i?
2
Let t = 2 + -1. List the prime factors of t/(-2 - 10/(-4)).
2
Let g be 10/14 + 2/7. Let t(p) = 24*p**3 + 2*p**2 - 1. What are the prime factors of t(g)?
5
Let u = 10 + -8. What are the prime factors of ((-6)/(-3))/(u/7)?
7
Let s be (2 - 4) + (0 - -9). Let f be (-2)/7 + (-103)/s. List the prime factors of (-18)/f*40/6.
2
Suppose 3*l = -5*c + 72, -4*l - 5*c = -c - 88. List the prime factors of l.
19
Let u(v) = 23*v + 5. List the prime factors of u(3).
2, 37
Let v = 152 + -64. List the prime factors of v.
2, 11
Let q(f) = -1 + 3*f - 2*f + 7*f**2 + 4*f**2. What are the prime factors of q(1)?
11
Let g be (-1 - -2)/((-16)/272). Let v be -1 + -1 + 2 + -28. Let m = g - v. List the prime factors of m.
11
Suppose 77 = 9*p - 238. List the prime factors of p.
5, 7
Let l(j) be the third derivative of j**5/12 - j**4/12 + j**3/6 - 2*j**2. Let n be l(-2). Let d = n - 16. What are the prime factors of d?
3
Let a(s) = 4*s**2 - 2*s + 7. What are the prime factors of a(3)?
37
Suppose 2*x - 3*m = 4*x, x - 2*m - 7 = 0. Suppose 30 + 6 = 4*i. Suppose i + x = p. What are the prime factors of p?
2, 3
Suppose 2*x - 4 = 6. Suppose s - 27 = -0*s + z, z + 131 = x*s. Suppose 4*k - s = -6. List the prime factors of k.
5
Let q = 191 - 141. What are the prime factors of q?
2, 5
Let g(o) = -o**3 + 6*o**2 + 10*o - 8. Let y be g(7). Suppose y = -3*a - 11. Let l = a + 13. What are the prime factors of l?
5
Let l(m) = m**3 - 5*m**2 - 8*m - 1. Let w be l(6). Let i = w + 23. What are the prime factors of i?
2, 5
Suppose -4*l - 4 = 8, 3*l = -q - 15. What are the prime factors of q/27 - (-1304)/36?
2, 3
Let q(c) = -c**3 + 15*c**2 + 2*c - 6. List the prime factors of q(15).
2, 3
Let t be ((-8)/6)/(8/(-36)). List the prime factors of 9/2*16/t.
2, 3
Let x be 28/35 + (-1)/(-5). List the prime factors of x/(-6) + (-50)/(-12).
2
Let c = 5 - 2. Suppose -4*p - 3*u + 79 = 0, c*p - 4*u + 2*u = 38. What are the prime factors of p?
2
Suppose -25 = -5*t - 5. Suppose 4*w - 3*n = 60 + 17, -5*w + t*n = -96. What are the prime factors of w?
2, 5
List the prime factors of (-107)/(-3) - (-2)/6.
2, 3
Let k(t) = -24*t**3 + 2*t**2 - t - 2. What are the prime factors of k(-1)?
5
Let f = 93 + -50. List the prime factors of f.
43
Suppose -4*k = -3*v - 2, 0*k + 3*k + 3*v = 12. Suppose 5*c - 2*i = -0*i + 65, 0 = -c + k*i + 13. List the prime factors of c.
13
Let i(w) = w**2 + 5*w - 6. Suppose 0 = 5*k + t + 35, 5*k = -4*t - 35 - 15. Let m be i(k). What are the prime factors of (m - -2) + 21 - 3?
2, 5
Suppose 5*c = -2*c + 539. What are the prime factors of c?
7, 11
Suppose 2*o + 4*m + 6 = 0, 3*o = -5*m - 6 + 2. Suppose 5*j - o = 68. List the prime factors of j.
3, 5
Suppose 20 = -5*a + 5*i, 4*i - 15 - 1 = 0. Suppose 5*u - 38 - 52 = a. Suppose 2*b = u + 4. What are the prime factors of b?
11
What are the prime factors of 117 + -2 - -1 - 3?
113
Let y(x) = x**2 - 12*x + 16. Suppose -3*v = 4*c - 50, -4*v - 36 = -4*c - 0*c. Let b be y(c). Suppose -b*d = -24 - 1. List the prime factors of d.
5
Let r(i) = i**2 + 4*i + 1. Let n = -8 - -6. Let m be r(n). List the prime factors of 45/m*-1 - 2.
13
Suppose -310 = -3*z - 2*z. Suppose 0*y + 4*y - 2*s = 154, 2*y = -2*s + z. Suppose 4*q - q - y = 0. List the prime factors of q.
2, 3
Let f = -5 - -20. List the prime factors of (f/(-10))/(3/(-18)).
3
Let q = -16 - -43. What are the prime factors of q?
3
Let l = 54 + -1. What are the prime factors of l?
53
Suppose 8*u - 654 = 5*u + 2*t, 3*u = 3*t + 651. List the prime factors of (-8)/12 - u/(-6).
2, 3
Let g be ((-10)/4 - -2)*-2. Suppose 2*k - g = 3. Let i = k + 1. List the prime factors of i.
3
Suppose 2*c = 5*g + 46, 0*g + c - 48 = 5*g. Let w = 2 + g. Let z = w - -10. List the prime factors of z.
2
Let t(f) = -7*f. Let a be t(-6). Suppose b = 4*b - a. Let v = 32 - b. What are the prime factors of v?
2, 3
What are the prime factors of 4/(-10) + 460/25?
2, 3
Suppose 2*x - 84 = -2*x. What are the prime factors of x?
3, 7
Suppose -z + a = -64, 3*z + 188 = 6*z - 4*a. Suppose -168 + z = -4*y. List the prime factors of y.
5
Suppose -15 = -5*h - 0. Suppose 0 = -y - 4*r, -y + 10 - 3 = -h*r. Suppose 0 = 3*a - 4*a - y*m + 2, -2*a + m + 4 = 0. List the prime factors of a.
2
Suppose -2*t - 4 = 0, -5*i - 4*t + 125 = t. Suppose 0 = c + 9 + 6. Let u = c + i. What are 